{"id":445608,"date":"2024-05-02T20:50:04","date_gmt":"2024-05-02T18:50:04","guid":{"rendered":"https:\/\/dev.elorainweb.com\/?page_id=445608"},"modified":"2024-05-29T15:09:30","modified_gmt":"2024-05-29T13:09:30","slug":"biographiefs","status":"publish","type":"page","link":"https:\/\/fredericsanchez.com\/fredericsanchez\/biographiefs\/","title":{"rendered":"BiographieFS"},"content":{"rendered":"<p><\/p>\n<p class=\"p1\"><b>Fr\u00e9d\u00e9ric Sanchez<\/b> (n\u00e9 le 23 septembre 1966) est un illustrateur sonore et r\u00e9alisateur musical fran\u00e7ais. Ses travaux incluent des collages sonores, des mixes, des compositions originales, et des installations sonores.<\/p>\n<p class=\"p1\"><b>Mode<\/b><\/p>\n<p class=\"p2\"><span class=\"s1\">La carri\u00e8re de Fr\u00e9d\u00e9ric Sanchez commence en 1988, lorsque Martin Margiela l&rsquo;invite \u00e0 concevoir la bande son de son premier d\u00e9fil\u00e9. Depuis il travaille avec de nombreux cr\u00e9ateurs et marques tels que Herm\u00e8s, <\/span>Jil Sander, Loewe, Versace, Ferrari, Jean Paul Gaultier, Givenchy, Prada, Comme des Gar\u00e7ons, Marc Jacobs, Louis Vuitton, Berluti, Dior Homme, Moncler, Calvin Klein, Simone Rocha, Craig Green, Armani &#8230;<span class=\"s1\"> Il collabore<span class=\"Apple-converted-space\">\u00a0 <\/span>tous les ans avec le <\/span>Festival international de mode et de photographie de Hy\u00e8res<span class=\"s1\">. <\/span><\/p>\n<p class=\"p1\">Il a aussi collabor\u00e9 sur d\u2019importantes exposions et r\u00e9trospectives dans des mus\u00e9es \u2013 Jil Sander \u00ab\u00a0Present tense\u00a0\u00bb au Museum Angewandtekunst de Francfort 2017 \u2013 Fondation Prada Venise \u00ab\u00a0Art or Sound\u00a0\u00bb 2014 et Prada Rong Zhai Shanghai \u00ab\u00a0inauguration\u00a0\u00bb \u2013 Loewe \u00ab\u00a0Crafted world\u00a0\u00bb &#8211; Shanghai 2024 &#8211;<\/p>\n<p class=\"p1\">Depuis 2016, avec l\u2019extension d\u2019internet, le studio Fr\u00e9d\u00e9ric Sanchez a d\u00e9velopp\u00e9 une activit\u00e9 de compositions originales pour la mode, les d\u00e9fil\u00e9s, la publicit\u00e9 et les contenus digitaux pour ses clients.<\/p>\n<p class=\"p1\">Depuis sa cr\u00e9ation en 2013 il est chaque ann\u00e9e int\u00e9gr\u00e9 dans la liste du magazine en ligne <span class=\"s1\"><i>The Business of Fashion<\/i> des <\/span>500 personnes cl\u00e9 qui fa\u00e7onnent l&rsquo;industrie de la mode.<\/p>\n<p class=\"p1\"><b>Art et collaborations<\/b><\/p>\n<p class=\"p2\">Fr\u00e9d\u00e9ric Sanchez a con\u00e7u plusieurs \u0153uvres et installations, expos\u00e9es dans des mus\u00e9es et institutions telles que le Mus\u00e9e du quai Branly, le Mus\u00e9e du Louvre, le Mudam, le Grand Palais, la Foire internationale d&rsquo;art contemporain (FIAC), et la galerie Serge Le Borgne. Il a collabor\u00e9 avec les plasticiens et photographes Louise Bourgeois, Jack Pierson, Bettina Rheims, Francesco Vezzoli, Susanna Fritscher, et Orlan\u00a0; les r\u00e9alisateurs Larry Clark et Ange Leccia, les architectes Herzog &amp; de Meuron et Odile Decq<sup>. <\/sup>Il a \u00e9t\u00e9 en 2008 le commissaire d&rsquo;exposition de <i>Gainsbourg 2008<\/i> \u00e0 la Cit\u00e9 de la Musique. En 2010 il a r\u00e9alis\u00e9 son premier film d&rsquo;art, <i>Le Soldat Sans Visage<\/i>.<\/p>\n<p class=\"p1\"><b>Musique et cin\u00e9ma<\/b><\/p>\n<p class=\"p3\">Fr\u00e9d\u00e9ric Sanchez a supervis\u00e9 la musique de plusieurs longs m\u00e9trages, <i>Le Secret<\/i> r\u00e9alis\u00e9 par Virginie Wagon en 2000 (vainqueur du Prix Michel d&rsquo;Ornano au Festival du cin\u00e9ma am\u00e9ricain de Deauville), <i>Intimit\u00e9<\/i> r\u00e9alis\u00e9 par Patrice Ch\u00e9reau (vainqueur du Lion D&rsquo;or du Festival du film de Berlin, et <i>Die Frau des Anarchisten<\/i> r\u00e9alis\u00e9 par Peter Sehr et Marie No\u00eblle (vainqueur du German Cinema Award for Peace au Filmfest de Munich).<\/p>\n<p class=\"p3\">En 2001, il a sorti une compilation musicale regroupant des artistes tels que Mirwais, Fischerspooner, Chilly Gonzales, Peaches et Chicks On Speed<span class=\"s3\">.<\/span><\/p>\n<p><\/p>","protected":false},"excerpt":{"rendered":"<p>Fr\u00e9d\u00e9ric Sanchez (n\u00e9 le 23 septembre&hellip;<\/p>\n","protected":false},"author":7,"featured_media":0,"parent":0,"menu_order":0,"comment_status":"closed","ping_status":"closed","template":"","meta":{"footnotes":""},"class_list":["post-445608","page","type-page","status-publish","hentry"],"_links":{"self":[{"href":"https:\/\/fredericsanchez.com\/fredericsanchez\/wp-json\/wp\/v2\/pages\/445608","targetHints":{"allow":["GET"]}}],"collection":[{"href":"https:\/\/fredericsanchez.com\/fredericsanchez\/wp-json\/wp\/v2\/pages"}],"about":[{"href":"https:\/\/fredericsanchez.com\/fredericsanchez\/wp-json\/wp\/v2\/types\/page"}],"author":[{"embeddable":true,"href":"https:\/\/fredericsanchez.com\/fredericsanchez\/wp-json\/wp\/v2\/users\/7"}],"replies":[{"embeddable":true,"href":"https:\/\/fredericsanchez.com\/fredericsanchez\/wp-json\/wp\/v2\/comments?post=445608"}],"version-history":[{"count":0,"href":"https:\/\/fredericsanchez.com\/fredericsanchez\/wp-json\/wp\/v2\/pages\/445608\/revisions"}],"wp:attachment":[{"href":"https:\/\/fredericsanchez.com\/fredericsanchez\/wp-json\/wp\/v2\/media?parent=445608"}],"curies":[{"name":"wp","href":"https:\/\/api.w.org\/{rel}","templated":true}]}}

<p></p>
<p class="p1"><b>Frédéric Sanchez</b> (né le 23 septembre 1966) est un illustrateur sonore et réalisateur musical français. Ses travaux incluent des collages sonores, des mixes, des compositions originales, et des installations sonores.</p>
<p class="p1"><b>Mode</b></p>
<p class="p2"><span class="s1">La carrière de Frédéric Sanchez commence en 1988, lorsque Martin Margiela l&rsquo;invite à concevoir la bande son de son premier défilé. Depuis il travaille avec de nombreux créateurs et marques tels que Hermès, </span>Jil Sander, Loewe, Versace, Ferrari, Jean Paul Gaultier, Givenchy, Prada, Comme des Garçons, Marc Jacobs, Louis Vuitton, Berluti, Dior Homme, Moncler, Calvin Klein, Simone Rocha, Craig Green, Armani &#8230;<span class="s1"> Il collabore<span class="Apple-converted-space">  </span>tous les ans avec le </span>Festival international de mode et de photographie de Hyères<span class="s1">. </span></p>
<p class="p1">Il a aussi collaboré sur d’importantes exposions et rétrospectives dans des musées – Jil Sander « Present tense » au Museum Angewandtekunst de Francfort 2017 – Fondation Prada Venise « Art or Sound » 2014 et Prada Rong Zhai Shanghai « inauguration » – Loewe « Crafted world » &#8211; Shanghai 2024 &#8211;</p>
<p class="p1">Depuis 2016, avec l’extension d’internet, le studio Frédéric Sanchez a développé une activité de compositions originales pour la mode, les défilés, la publicité et les contenus digitaux pour ses clients.</p>
<p class="p1">Depuis sa création en 2013 il est chaque année intégré dans la liste du magazine en ligne <span class="s1"><i>The Business of Fashion</i> des </span>500 personnes clé qui façonnent l&rsquo;industrie de la mode.</p>
<p class="p1"><b>Art et collaborations</b></p>
<p class="p2">Frédéric Sanchez a conçu plusieurs œuvres et installations, exposées dans des musées et institutions telles que le Musée du quai Branly, le Musée du Louvre, le Mudam, le Grand Palais, la Foire internationale d&rsquo;art contemporain (FIAC), et la galerie Serge Le Borgne. Il a collaboré avec les plasticiens et photographes Louise Bourgeois, Jack Pierson, Bettina Rheims, Francesco Vezzoli, Susanna Fritscher, et Orlan ; les réalisateurs Larry Clark et Ange Leccia, les architectes Herzog &amp; de Meuron et Odile Decq<sup>. </sup>Il a été en 2008 le commissaire d&rsquo;exposition de <i>Gainsbourg 2008</i> à la Cité de la Musique. En 2010 il a réalisé son premier film d&rsquo;art, <i>Le Soldat Sans Visage</i>.</p>
<p class="p1"><b>Musique et cinéma</b></p>
<p class="p3">Frédéric Sanchez a supervisé la musique de plusieurs longs métrages, <i>Le Secret</i> réalisé par Virginie Wagon en 2000 (vainqueur du Prix Michel d&rsquo;Ornano au Festival du cinéma américain de Deauville), <i>Intimité</i> réalisé par Patrice Chéreau (vainqueur du Lion D&rsquo;or du Festival du film de Berlin, et <i>Die Frau des Anarchisten</i> réalisé par Peter Sehr et Marie Noëlle (vainqueur du German Cinema Award for Peace au Filmfest de Munich).</p>
<p class="p3">En 2001, il a sorti une compilation musicale regroupant des artistes tels que Mirwais, Fischerspooner, Chilly Gonzales, Peaches et Chicks On Speed<span class="s3">.</span></p>
<p></p>

<p>Frédéric Sanchez (né le 23 septembre&hellip;</p>
